{"id":318,"date":"2024-03-02T21:30:04","date_gmt":"2024-03-02T21:30:04","guid":{"rendered":"https:\/\/dovatravel.com\/?page_id=318"},"modified":"2025-12-19T21:45:06","modified_gmt":"2025-12-19T21:45:06","slug":"aviso-de-privacidad","status":"publish","type":"page","link":"https:\/\/dovatravel.com\/index.php\/aviso-de-privacidad\/","title":{"rendered":"T\u00e9rminos y Condiciones"},"content":{"rendered":"\n<div class=\"wp-block-group alignwide is-style-box-shadow-one is-layout-flow wp-block-group-is-layout-flow\" style=\"margin-top:0px;margin-bottom:0px;padding-top:0px;padding-right:0px;padding-bottom:0px;padding-left:0px\">\n<div class=\"wp-block-media-text alignwide has-media-on-the-right is-stacked-on-mobile is-image-fill has-primary-blue-gradient-background has-background\" style=\"margin-top:0px;margin-right:0px;margin-bottom:0px;margin-left:0px;padding-top:0px;padding-right:0px;padding-bottom:0px;padding-left:0px\"><div class=\"wp-block-media-text__content\">\n<div style=\"margin-top:0px;margin-bottom:0px;height:80px\" aria-hidden=\"true\" class=\"wp-block-spacer is-style-has-mb-30\"><\/div>\n\n\n\n<div class=\"wp-block-group is-layout-flow wp-block-group-is-layout-flow\" style=\"margin-top:0px;margin-bottom:0px;padding-top:0px;padding-right:0px;padding-bottom:0px;padding-left:0px\">\n<ul>\n<li>Es responsabilidad de cada pasajero tener vigentes y en orden sus documentos oficiales para viajar.<\/li>\n\n\n\n<li>Impuestos locales en destino nacional como el impuesto ambiental y limpieza de playas no incluidos en la tarifa, se pagan directamente en recepci\u00f3n al momento de hacer check in seg\u00fan aplique.<\/li>\n\n\n\n<li>Impuestos locales en destino internacional como el impuesto al turista o alguna otra tasa gubernamental del pais a visitar no incluidos, se pagan directamente en recepci\u00f3n al momento de hacer check in.<\/li>\n\n\n\n<li>Al recibir la agencia una cantidad de dinero por concepto de liquidaci\u00f3n, el cliente recibir\u00e1 sus cupones de reserva en un lapso no mayor a 72 horas (horas y dias h\u00e1biles).<\/li>\n\n\n\n<li>Cuando el estado de cuenta refleje un saldo pendiente en ceros significa que la reserva en cuesti\u00f3n ya se encuentra liquidada.<\/li>\n\n\n\n<li>Las edades proporcionada por el cliente de los infantes, menores y juniors mostradas en la reservaci\u00f3n corresponden a las edades que tendr\u00e1n a la fecha del t\u00e9rmino del viaje.<\/li>\n\n\n\n<li>Todas nuestras promociones aplican restricciones, preguntar a su agente de viajes el detalle de las mismas.<\/li>\n\n\n\n<li>En caso de agregar pasajeros a una reserva ya generada, se cotizar\u00e1 la tarifa del dia corriente.<\/li>\n\n\n\n<li>La disponibilidad en los horarios de vuelos est\u00e1 sujeta a la asignaci\u00f3n por parte de la aerolinea. <\/li>\n\n\n\n<li>Las sobreventas, y afectaciones aeroportuarias: (modificaciones o cancelaciones que realicen las aerolineas o aeropuertos en los vuelos programados, cambiando horarios y dias inicialmente contratados) el cliente se tiene que comunicar directamente con la aerolinea donde se tiene su vuelo reservado para gestionar este proceso, ya que DOVA travel se deslinda de cualquier tipo de responsabilidad, recordando que una agencia de viajes solo es el intermediario de compra de boletos entre el proveedor y cliente final.<\/li>\n\n\n\n<li>En caso de cancelaci\u00f3n de vuelos por parte del cliente, NO SER\u00c1 REEMBOLSABLE LA TARIFA PAGADA.<\/li>\n\n\n\n<li>En los paquetes promocionales donde lleve vuelo incluido, el horario del mismo est\u00e1 sujeto a los costos dentro de la promoci\u00f3n.<\/li>\n\n\n\n<li>Cambios de nombre, fechas, ocupaci\u00f3n, modificaci\u00f3n de servicios, o cualquier otro cambio solicitado una vez que la reserva ya se encuentre generada, estar\u00e1 sujeta a la aprobaci\u00f3n por parte del proveedor y\/o podr\u00eda generar un cambio de tarifa o penalidad.<\/li>\n\n\n\n<li>En caso de no cumplir los pagos en las fechas mencionadas se generar\u00e1 un cargo del 5% sobre el monto a abonar por concepto de penalizaci\u00f3n de pago tardio. Si se llega la fecha de un segundo abono y no se recibe tanto el abono atrasado como el nuevo abono de la fecha corriente,\u00a0la reserva quedar\u00e1 cancelada automaticamente\u00a0generando la penalidad correspondiente.<\/li>\n\n\n\n<li>Si se genera alguna cancelaci\u00f3n de servicios, el monto inicial de apartado quedar\u00e1 como no reembolsable, el resto del monto pagado estar\u00e1 sujeto a reembolso (en caso de aplicar) de acuerdo a las politicas del proveedor.<\/li>\n\n\n\n<li>DOVA TRAVEL se deslinda de cualquier suceso y\/o problema que implique que el cliente o sus acompa\u00f1antes: Altere el orden publico, viole el reglamento y\/o politicas del proveedor o servicio a consumir. Aplicando la sanci\u00f3n correspondiente seg\u00fan indique el proveedor o la ley.<\/li>\n\n\n\n<li>Al momento de comenzar el proceso de reservaci\u00f3n de cualquier servicio, el cliente acepta los t\u00e9rminos y condiciones de Dova Travel. Mismas que se encuentran en www.dovatravel.com.<\/li>\n<\/ul>\n\n\n\n<p><\/p>\n\n\n\n<p>Politicas de pago<\/p>\n\n\n\n<p>1- Recibo de pago solo ser\u00e1 v\u00e1lido si cuenta con el sello oficial de la agencia asi como el nombre y firma del ejecutivo de reservas.<br>2- Las edades proporcionada por el cliente de los infantes, menores y juniors corresponden a las edades que tendr\u00e1n a la fecha del termino del viaje.<br>3- El anticipo inicial se considerar\u00e1 no reembolsable en caso de cancelaci\u00f3n del servicio adquirido.<br>4- Cambios de nombre, fechas, ocupaci\u00f3n, modificaci\u00f3n de servicios, o cualquier otro cambio solicitado una vez que la reserva ya se encuentre generada, estar\u00e1 sujeta a la aprobaci\u00f3n por parte del proveedor y\/o podr\u00eda generar un cambio de tarifa o penalidad.<br>5- Es responsabilidad de cada pasajero tener vigentes y en orden sus documentos oficiales para viajar.<br>6- En caso de adquirir vuelos y se necesite hacer cambio de nombre, fecha o itinerario tendr\u00e1 un costo adicional.<br>7- Para reservas con un descuento especial o de \u00faltimo momento se podr\u00eda pedir el 100% del valor total de los servicios a contratar para que la reserva sea efectiva.<br>8- Al recibir la agencia una cantidad de dinero por concepto de liquidaci\u00f3n, el cliente recibir\u00e1 sus cupones de reserva en un lapso no mayor a 72 horas (horas y dias h\u00e1biles).<br>9- Si se genera alguna cancelaci\u00f3n de servicios, el monto inicial de apartado quedar\u00e1 como no reembolsable, el resto del monto pagado estar\u00e1 sujeto a reembolso (en caso de aplicar) de acuerdo a las politicas del proveedor.<br>10- Las fechas de abonos y liquidaciones las proporcionar\u00e1 el ejecutivo de reservas seg\u00fan aplique cada servicio reservado.<br>11- El portador de este recibo acepta las politicas de pago ya mencionadas.<br>12- Todos los pagos recibidos se validar\u00e1n en un lapso de 48 horas despu\u00e9s de la recepci\u00f3n del mismo. (horas y dias h\u00e1biles)<br>13- Al momento de comenzar el proceso de reservaci\u00f3n de cualquier servicio, el cliente acepta las politicas de pago asi como los t\u00e9rminos y condiciones de Dova Travel. Mismas que se encuentran en www.dovatravel.com.<\/p>\n\n\n\n<div style=\"margin-top:0px;margin-bottom:0px;height:80px\" aria-hidden=\"true\" class=\"wp-block-spacer is-style-has-mb-30\"><\/div>\n<\/div>\n<\/div><figure class=\"wp-block-media-text__media\" style=\"background-image:url(https:\/\/dovatravel.com\/wp-content\/uploads\/2024\/03\/syd-sujuaan-big3_WeCv_M-unsplash-765x1024.jpg);background-position:50% 50%\"><img loading=\"lazy\" decoding=\"async\" width=\"765\" height=\"1024\" src=\"https:\/\/dovatravel.com\/wp-content\/uploads\/2024\/03\/syd-sujuaan-big3_WeCv_M-unsplash-765x1024.jpg\" alt=\"\" class=\"wp-image-332 size-full\" srcset=\"https:\/\/dovatravel.com\/wp-content\/uploads\/2024\/03\/syd-sujuaan-big3_WeCv_M-unsplash-765x1024.jpg 765w, https:\/\/dovatravel.com\/wp-content\/uploads\/2024\/03\/syd-sujuaan-big3_WeCv_M-unsplash-224x300.jpg 224w, https:\/\/dovatravel.com\/wp-content\/uploads\/2024\/03\/syd-sujuaan-big3_WeCv_M-unsplash-768x1028.jpg 768w, https:\/\/dovatravel.com\/wp-content\/uploads\/2024\/03\/syd-sujuaan-big3_WeCv_M-unsplash-1148x1536.jpg 1148w, https:\/\/dovatravel.com\/wp-content\/uploads\/2024\/03\/syd-sujuaan-big3_WeCv_M-unsplash-1531x2048.jpg 1531w, https:\/\/dovatravel.com\/wp-content\/uploads\/2024\/03\/syd-sujuaan-big3_WeCv_M-unsplash-scaled.jpg 1913w\" sizes=\"(max-width: 765px) 100vw, 765px\" \/><\/figure><\/div>\n<\/div>\n\n\n\n<div class=\"wp-block-group is-style-default has-global-padding is-layout-constrained wp-block-group-is-layout-constrained\" style=\"margin-top:0px;margin-bottom:0px;padding-top:0px;padding-right:15px;padding-bottom:0px;padding-left:15px\"><\/div>\n","protected":false},"excerpt":{"rendered":"<p>Politicas de pago 1- Recibo de pago solo ser\u00e1 v\u00e1lido si cuenta con el sello oficial de la agencia asi como el nombre y firma del ejecutivo de reservas.2- Las edades proporcionada por el cliente de los infantes, menores y juniors corresponden a las edades que tendr\u00e1n a la fecha del termino del viaje.3- El [&hellip;]<\/p>\n","protected":false},"author":1,"featured_media":0,"parent":0,"menu_order":0,"comment_status":"closed","ping_status":"closed","template":"","meta":{"footnotes":""},"_links":{"self":[{"href":"https:\/\/dovatravel.com\/index.php\/wp-json\/wp\/v2\/pages\/318"}],"collection":[{"href":"https:\/\/dovatravel.com\/index.php\/wp-json\/wp\/v2\/pages"}],"about":[{"href":"https:\/\/dovatravel.com\/index.php\/wp-json\/wp\/v2\/types\/page"}],"author":[{"embeddable":true,"href":"https:\/\/dovatravel.com\/index.php\/wp-json\/wp\/v2\/users\/1"}],"replies":[{"embeddable":true,"href":"https:\/\/dovatravel.com\/index.php\/wp-json\/wp\/v2\/comments?post=318"}],"version-history":[{"count":8,"href":"https:\/\/dovatravel.com\/index.php\/wp-json\/wp\/v2\/pages\/318\/revisions"}],"predecessor-version":[{"id":477,"href":"https:\/\/dovatravel.com\/index.php\/wp-json\/wp\/v2\/pages\/318\/revisions\/477"}],"wp:attachment":[{"href":"https:\/\/dovatravel.com\/index.php\/wp-json\/wp\/v2\/media?parent=318"}],"curies":[{"name":"wp","href":"https:\/\/api.w.org\/{rel}","templated":true}]}}